6) to base 8
-100401
Convert 1100001111100001010101 (base 2) to base 15.
435d86
Convert -13990b5 (base 13) to base 14.
-b7bca6
943720 (base 13) to base 14
6623bb
-45105001 (base 6) to base 11
-850224
Convert 18864285 (base 9) to base 5.
4421040120
Convert -55a598 (base 12) to base 3.
-2120101201222
Convert 110000000110100100110100 (base 2) to base 8.
60064464
721a6 (base 14) to base 15
56612
43722 (base 14) to base 8
476742
What is 142424234 (base 5) in base 6?
24014102
Convert 1101010111111001001000 (base 2) to base 7.
41540543
Convert 20c625 (base 16) to base 2.
1000001100011000100101
Convert -7b51 (base 16) to base 2.
-111101101010001
What is -8260527 (base 11) in base 3?
-1000102220012201
What is 84895d (base 16) in base 7?
133554242
What is 27807 (base 10) in base 11?
1998a
What is -1253211 (base 7) in base 16?
-28233
3443425 (base 7) to base 5
102243043
43993 (base 10) to base 11
30064
Convert 99403 (base 11) to base 14.
3a7c7
What is 23551515 (base 7) in base 6?
112534453
-130344551 (base 6) to base 8
-11562423
What is -891039 (base 14) in base 13?
-c6b064
-2270273 (base 8) to base 4
-2113002323
50830 (base 13) to base 16
23344
What is 1000001101011011011111 (base 2) in base 3?
11001100012121
-42404300 (base 5) to base 12
-1525b5
What is 7235a2 (base 11) in base 3?
2012000001221
What is 20021111210010 (base 3) in base 4?
30232210122
20122002220 (base 3) to base 10
130569
-10405542 (base 7) to base 4
-3121331121
-10200102121 (base 3) to base 13
-26cb9
What is -25273462 (base 8) in base 6?
-320014522
Convert -146003 (base 7) to base 16.
-6f38
c3d19 (base 14) to base 12
1a9043
What is 505143 (base 8) in base 14?
4496b
Convert -1502a74 (base 15) to base 2.
-111001111110000111000001
Convert 3b08c6 (base 13) to base 7.
15102553
41a0 (base 16) to base 4
10012200
What is -103054 (base 13) in base 11?
-238a64
What is 15c18 (base 16) in base 11?
60a51
What is -1202441 (base 5) in base 4?
-11123212
What is 828aa (base 11) in base 2?
11101100000101110
What is 251003125 (base 6) in base 14?
8d17ad
Convert 200200001221 (base 3) to base 13.
cb34a
-72c1 (base 15) to base 16
-5ec0
What is -195d30 (base 14) in base 9?
-1621354
Convert -9a208 (base 14) to base 3.
-200222110110
106256345 (base 8) to base 5
14210030042
-3112694 (base 11) to base 2
-10100111101010001101010
What is -657ecc (base 16) in base 14?
-c520a0
Convert 204042 (base 5) to base 11.
50a7
-48219 (base 12) to base 4
-113230311
Convert 3130210224 (base 5) to base 4.
120300302302
Convert 30230011302 (base 4) to base 10.
3326322
What is -10aa370 (base 13) in base 15?
-6b6727
-11ba31 (base 12) to base 8
-1066405
16254066 (base 7) to base 15
212186
What is -981617 (base 10) in base 14?
-1b7a37
What is c5234 (base 15) in base 7?
5211535
-4412021340 (base 5) to base 11
-5399946
-1155518 (base 13) to base 8
-24326466
Convert 123764 (base 10) to base 4.
132031310
What is -110101011011110 (base 2) in base 10?
-27358
What is 61634425 (base 7) in base 14?
987815
What is -10200102302 (base 4) in base 14?
-22a4a6
45620364 (base 7) to base 14
75b634
Convert 1010100010110010 (base 2) to base 12.
20baa
Convert -1012023023 (base 4) to base 3.
-112121021202
What is -10000101100010110 (base 2) in base 5?
-4141444
-1312300011 (base 4) to base 9
-821200
Convert -12c37 (base 14) to base 13.
-180cc
115205525 (base 6) to base 4
20123131331
What is -513b (base 16) in base 8?
-50473
Convert -1797318 (base 11) to base 4.
-23212102002
Convert 3667156 (base 8) to base 10.
1011310
Convert a18362 (base 15) to base 5.
3431002032
What is -11100111011011011 (base 2) in base 3?
-20000112120
Convert -110101010001100011 (base 2) to base 4.
-311101203
-10100010011010010000100 (base 2) to base 8
-24232204
Convert -1b577a (base 16) to base 2.
-110110101011101111010
What is -4100661 (base 7) in base 13?
-141006
What is -470e9b (base 15) in base 14?
-645443
Convert -3102010210 (base 4) to base 16.
-d2124
What is -100111111001100011 (base 2) in base 6?
-3300335
Convert -22122231 (base 4) to base 3.
-2011112100
1dfee5 (base 16) to base 6
110044525
Convert -110100110101101111 (base 2) to base 15.
-441db
Convert -13503c (base 14) to base 7.
-5445105
Convert -4979 (base 15) to base 3.
-210110020
What is 59a14 (base 12) in base 2?
11101011101110000
Convert -13b6d9 (base 16) to base 10.
-1291993
Convert 21404 (base 7) to base 6.
40425
What is 350558 (base 15) in base 9?
4678782
-1098c (base 14) to base 11
-28310
-261a7 (base 15) to base 9
-205164
-28e162 (base 16) to base 11
-156a970
-647a2 (base 16) to base 10
-411554
Convert 4050066 (base 8) to base 10.
1069110
What is 93084 (base 14) in base 9?
588645
-154213530 (base 6) to base 11
-1943034
Convert 1122002012 (base 3) to base 6.
404435
1001110010001101 (base 2) to base 13
1531b
Convert 210100101102 (base 3) to base 16.
66959
Convert -3ebcb2 (base 15) to base 7.
-34504454
What is -10100010001110001100001 (base 2) in base 8?
-24216141
Convert b706a7 (base 14) to base 9.
12568005
What is 103344 (base 13) in base 12?
163013
Convert 20120a (base 13) to base 7.
6222252
Convert -247052 (base 9) to base 7.
-1161560
121452040 (base 6) to base 7
25520022
-1111101011000100 (base 2) to base 3
-10021001122
What is -18618 (base 13) in base 7?
-254346
What is -54787 (base 10) in base 16?
-d603
Convert -22299 (base 11) to base 4.
-13320212
Convert -22231432 (base 7) to base 9.
-3551814
What is 63206 (base 9) in base 8?
121371
What is -5644d (base 15) in base 2?
-1000010111110101100
Convert -11013416 (base 7) to base 15.
-139e3b
What is b6fd2b (base 16) in base 12?
4024037
80390 (base 14) to base 8
1131512
Convert 5107b (base 12) to base 11.
722a2
What is 2a39b8 (base 14) in base 5?
334014331
Convert 720c5 (base 13) to base 11.
12a6a3
What is -8da5a (base 15) in base 11?
-289001
-44664716 (base 8) to base 3
-200011211020022
6cc8 (base 15) to base 2
101101001100010
-3321559 (base 10) to base 16
-32aed7
What is -707161 (base 8) in base 4?
-320321301
What is 2d5c86 (base 15) in base 13?
5bba65
Convert 3300414142 (base 5) to base 3.
111020220211001
Convert -111b81 (base 15) to base 16.
-c7363
What is 35341414 (base 6) in base 13?
2c776c
557702 (base 8) to base 6
4012002
-111446123 (base 7) to base 12
-2332585
-b0553 (base 14) to base 12
-1851a5
-13233140 (base 6) to base 15
-8a5bc
-67003 (base 8) to base 6
-334215
What is -200343303 (base 5) in base 10?
-793578
602588 (base 10) to base 6
20525432
Convert -1234536 (base 8) to base 4.
-1103211132
What is 32111033310 (base 4) in base 9?
7055623
-33b6b4 (base 12) to base 10
-828712
Convert 297885 (base 14) to base 10.
1442285
What is 7296a8 (base 12) in base 11?
101a279
11112461 (base 8) to base 7
26243523
What is -33233004 (base 5) in base 16?
-46bda
What is 10424242 (base 5) in base 2?
10110100100011111
602a66 (base 13) to base 3
11012111101000
What is 5535e8 (base 16) in base 5?
2412144420
What is 31552401 (base 7) in base 9?
5042356
Convert 3452040 (base 6) to base 3.
100001011220
What is -210121112201 (base 3) in base 9?
-717481
4137108 (base 9) to base 3
11011021010022
What is 403020303 (base 5) in base 7?
16455633
-223001023 (base 4) to base 8
-530113
Convert 3101130 (base 4) to base 11.
a086
-12020210120202 (base 3) to base 5
-1203303122
What is 603563 (base 8) in base 10?
198515
Convert -11010110000101000001001 (base 2) to base 12.
-2423689
Convert -122211130 (base 4) to base 15.
-223e7
Convert -103123122011 (base 4) to base 8.
-23333205
1002431355 (base 6) to base 7
152516102
-65174d (base 15) to base 4
-102113120332
What is 213429 (base 10) in base 7?
1546146
What is 2911891 (base 12) in base 15?
aca0c1
1110100000100111110010 (base 2) to base 3
21011020121100
What is -14230032 (base 5) in base 14?
-3c303
What is 12111010000 (base 3) in base 10?
107973
What is -1522862 (base 9) in base 7?
-10104503
What is -102001321 (base 6) in base 8?
-6607321
20031030011 (base 4) to base 16
20d305
What is -314102034 (base 5) in base 13?
-370c48
1000010111001000101 (base 2) to base 6
5512245
What is 2120212211 (base 4) in base 12?
261885
What is 125714 (base 8) in base 11?
30052
26aa2 (base 11) to base 9
57837
-1001010010100010 (base 2) to base 12
-1a02a
-333132013 (base 4) to base 7
-2131642
Convert -4241 (base 16) to base 6.
-210305
12210121121 (base 3) to b